
Calculate the highest common divisor of 133224 and 6.
6
Calculate the highest common divisor of 360 and 3340.
20
Calculate the greatest common factor of 540091 and 1257.
419
What is the highest common factor of 3 and 19114?
1
Calculate the greatest common factor of 3744320 and 320.
320
What is the highest common divisor of 146355 and 330?
165
What is the greatest common factor of 4698 and 135?
27
Calculate the highest common divisor of 51914 and 27499.
257
Calculate the highest common factor of 1305 and 12528.
261
Calculate the highest common factor of 133 and 26467.
133
What is the highest common factor of 250338 and 110?
22
What is the highest common divisor of 4995 and 10665?
135
Calculate the greatest common divisor of 33 and 142329.
33
Calculate the greatest common divisor of 58466 and 31.
31
Calculate the greatest common divisor of 68 and 53414.
34
Calculate the greatest common factor of 15394 and 2666.
86
What is the highest common factor of 7 and 199073?
7
Calculate the greatest common divisor of 12852 and 105.
21
What is the highest common factor of 69068 and 868?
124
Calculate the greatest common divisor of 48 and 11082.
6
Calculate the greatest common divisor of 153 and 57978.
9
What is the greatest common factor of 975 and 19425?
75
Calculate the highest common factor of 120 and 3653880.
120
What is the highest common divisor of 11919 and 107619?
87
What is the greatest common factor of 19290 and 810?
30
What is the greatest common divisor of 965 and 105?
5
What is the highest common divisor of 35 and 22645?
35
Calculate the highest common divisor of 362 and 14299.
181
What is the highest common divisor of 20 and 128410?
10
What is the greatest common divisor of 195 and 68610?
15
Calculate the highest common divisor of 20046 and 51.
3
Calculate the greatest common factor of 83196 and 36.
36
What is the highest common factor of 10735 and 646?
19
What is the greatest common divisor of 199671 and 285?
57
What is the highest common divisor of 380656 and 296?
296
What is the highest common divisor of 45961 and 5251?
59
Calculate the greatest common factor of 144262 and 68.
34
Calculate the greatest common factor of 48 and 1940336.
16
Calculate the greatest common factor of 75012 and 133.
133
Calculate the greatest common factor of 160 and 3601180.
20
What is the highest common factor of 35406 and 70?
14
Calculate the highest common divisor of 128 and 1544.
8
Calculate the greatest common factor of 217 and 4137.
7
What is the highest common divisor of 102 and 47056?
34
Calculate the greatest common divisor of 11457 and 1890.
9
Calculate the greatest common divisor of 436045 and 3515.
185
Calculate the greatest common factor of 792 and 1884.
12
Calculate the greatest common factor of 92 and 982468.
92
Calculate the highest common factor of 75 and 2755770.
15
Calculate the highest common factor of 199053 and 34.
17
Calculate the highest common factor of 740 and 118807.
37
Calculate the highest common divisor of 17249 and 94.
47
What is the greatest common factor of 517914 and 10286?
278
Calculate the highest common divisor of 501981 and 3576.
447
What is the greatest common divisor of 256 and 37328?
16
What is the highest common divisor of 7498 and 60352?
46
Calculate the highest common factor of 9504 and 12384.
288
Calculate the highest common divisor of 2 and 843202.
2
Calculate the highest common factor of 2445 and 12062.
163
Calculate the highest common divisor of 132 and 259356.
12
Calculate the highest common divisor of 4082124 and 82.
82
Calculate the greatest common divisor of 53412 and 60.
12
Calculate the highest common factor of 101716 and 5.
1
Calculate the greatest common factor of 252 and 141036.
84
What is the greatest common factor of 62352 and 112?
16
Calculate the greatest common factor of 102 and 81651.
51
Calculate the greatest common divisor of 9534 and 126.
42
What is the highest common divisor of 91620 and 144?
36
What is the greatest common factor of 5944 and 1876?
4
What is the highest common factor of 72 and 306738?
18
Calculate the greatest common factor of 396 and 6428.
4
What is the highest common divisor of 6586 and 712?
178
What is the highest common divisor of 22625 and 12670?
905
Calculate the highest common divisor of 930376 and 680.
136
Calculate the highest common divisor of 3594 and 162928.
1198
What is the highest common factor of 230 and 26128?
46
What is the greatest common divisor of 105 and 5649?
21
Calculate the greatest common divisor of 2 and 1069342.
2
What is the highest common divisor of 1047 and 55142?
349
What is the highest common factor of 84842 and 118?
118
What is the highest common factor of 513 and 49267?
19
What is the greatest common factor of 13 and 3731?
13
Calculate the greatest common divisor of 16980 and 4800.
60
Calculate the greatest common divisor of 1138078 and 41.
41
What is the greatest common divisor of 81 and 148716?
81
Calculate the highest common divisor of 150 and 1011.
3
What is the greatest common factor of 7 and 3227?
7
What is the greatest common factor of 1012 and 1782?
22
What is the greatest common divisor of 454 and 383857?
227
Calculate the highest common divisor of 10265 and 125.
5
What is the greatest common factor of 18083 and 1339?
13
What is the highest common divisor of 1338773 and 123?
41
What is the greatest common divisor of 370 and 19462?
74
Calculate the highest common factor of 714 and 18.
6
What is the greatest common factor of 2090493 and 207?
207
What is the highest common divisor of 7680 and 216?
24
What is the greatest common factor of 9514 and 32093?
67
What is the greatest common factor of 86 and 1134512?
86
What is the greatest common divisor of 165 and 47289?
33
What is the highest common factor of 29079 and 459?
27
What is the greatest common divisor of 38442 and 516?
258
Calculate the greatest common factor of 105 and 3345.
15
Calculate the greatest common factor of 288 and 108126.
18
Calculate the highest common factor of 2625 and 22375.
125
Calculate the greatest common divisor of 3252 and 82113.
813
Calculate the highest common factor of 618 and 28222.
206
What is the highest common divisor of 8526 and 4698?
174
What is the greatest common divisor of 1708 and 223321?
427
Calculate the greatest common divisor of 703671 and 489.
489
Calculate the highest common divisor of 468 and 1332.
36
Calculate the greatest common factor of 696 and 10968.
24
Calculate the greatest common divisor of 126 and 19026.
126
What is the greatest common factor of 40 and 6536?
8
Calculate the highest common factor of 801387 and 1772.
443
What is the greatest common divisor of 1752 and 16764?
12
What is the highest common factor of 19264 and 129?
43
What is the greatest common factor of 1083375 and 75?
75
Calculate the highest common factor of 245 and 474425.
35
Calculate the greatest common factor of 129 and 40592.
43
Calculate the greatest common factor of 29479 and 128701.
719
What is the highest common divisor of 6627 and 2?
1
What is the highest common factor of 65 and 7565?
5
What is the highest common factor of 80 and 483440?
80
Calculate the highest common factor of 356994 and 12.
6
Calculate the highest common divisor of 1470702 and 279.
93
Calculate the highest common factor of 4684755 and 370.
185
What is the highest common divisor of 6678 and 180?
18
Calculate the greatest common divisor of 773036 and 176.
44
Calculate the greatest common divisor of 140025 and 675.
75
What is the highest common factor of 270 and 105705?
135
Calculate the highest common divisor of 11857631 and 811.
811
Calculate the greatest common factor of 82575 and 45.
45
Calculate the highest common factor of 91 and 456742.
13
What is the highest common divisor of 1568 and 171008?
32
What is the greatest common factor of 123173 and 222?
37
What is the highest common factor of 273 and 2272634?
91
Calculate the greatest common divisor of 152 and 618887.
19
What is the greatest common factor of 1248 and 1064466?
78
Calculate the greatest common divisor of 2497 and 363.
11
What is the highest common factor of 54681 and 175642?
1657
Calculate the greatest common factor of 98120 and 264.
88
Calculate the greatest common factor of 39312 and 28784.
112
What is the highest common